3758 = 2*h. What is the thousands digit of h?
1
Let v(p) be the third derivative of p**5/60 + p**4/6 + 2*p**3 + 9*p**2. What is the units digit of v(-9)?
7
Let q(g) = g**2 - 3*g + 4. Let v be q(3). Suppose -u = -v, f - u - 11 = -4*f. What is the units digit of 5*(0 + f + -2)?
5
Let b be -1 + -4 + (1 - 0). Let m be (-2)/b - (-872)/16. What is the units digit of (66/m)/((-3)/(-20))?
8
Suppose -1703 = -8*m + 19313. What is the tens digit of m?
2
Suppose -12*b - 2679 = -11271. What is the units digit of b?
6
Suppose -40 = d - 178. Suppose 0*f + 3*j = 5*f - d, -j = 4*f - 124. What is the tens digit of f?
3
Suppose 0 = q + 70 - 1597. What is the units digit of q?
7
Let u(j) = 51*j**2 + 4*j + 32. What is the hundreds digit of u(6)?
8
Let p be 2/(-14)*4 + 352/77. Suppose -60 = -x + p*w, x + 4*w - 30 = 46. What is the units digit of x?
8
Suppose 2*d - 4929 - 325 = 0. What is the thousands digit of d?
2
Let k(f) = 580*f**2 + 11*f - 11. What is the hundreds digit of k(1)?
5
Let c = 58 - 99. Let k = 23 + c. What is the tens digit of (-3382)/(-171) + (-4)/k?
2
What is the hundreds digit of 5/((-25)/(-2065)) + -6?
4
Suppose 5*y - y + t = 2251, 6 = 2*t. What is the hundreds digit of y?
5
Suppose 16*k + 270 = 11*k. Let s(b) = b**2 - 12*b + 5. Let m be s(8). Let w = m - k. What is the tens digit of w?
2
Let o(y) = 3*y**3 + 9*y**2 + 2*y - 8. Let s be o(-6). Suppose -5*i = g - 0*g + 9, -2*g + 3*i - 31 = 0. What is the units digit of s/g + (-8)/14?
4
Let r(v) be the first derivative of -v**3/3 + 12*v**2 - 27*v + 5. What is the tens digit of r(20)?
5
Suppose -3*t - 2*t = 0. Suppose -2*i + t = 10, 5*i - 23 = 4*h. What is the tens digit of (-392)/(-12) + (-16)/h?
3
Let o(u) = -2*u**2 + 8*u - 6. Let k be o(5). Let x be (-13)/(-2) + 41/82. Let p = x - k. What is the units digit of p?
3
Let k be (1 + -2)/((-1)/3). Suppose x - 5*l = 7, k*l - 9 = -4*x - 4. Suppose x*f - f = 38. What is the tens digit of f?
3
Suppose -8*f - 5 = -13. What is the tens digit of (24/(-30))/(f - 201/195)?
2
Let h(g) = g**2 + 3*g - 61. What is the units digit of h(20)?
9
Let r be 306/6*(-2)/(-6). What is the units digit of ((-2 + -4)*r)/(-1)?
2
Let o(k) = -165*k - 311. What is the thousands digit of o(-10)?
1
Suppose -466 = 12*t + 206. Let l = t - -85. What is the units digit of l?
9
Suppose 3468 + 3062 = 10*n. What is the hundreds digit of n?
6
Let r(c) be the second derivative of c**5/20 - 7*c**4/6 + 5*c**3/2 + 7*c**2 + 12*c. What is the units digit of r(13)?
0
What is the units digit of (-1)/6 + 1640610/540?
8
Let k(c) = -c**2 + c. Let u(x) = 8*x**2 - 5*x - 1. Let m(w) = -4*k(w) - u(w). Let a be m(-1). What is the units digit of (10/4)/(a/(-8))?
5
Let h(o) = o**2 - 4*o - 10. Suppose 4*u = 82 + 18. Suppose 3 + u = 4*a. What is the units digit of h(a)?
1
Let f(a) = a**2 + 2*a - 22. What is the tens digit of f(14)?
0
Suppose 2*p = -4*j - 2*p + 32, -5*p = -3*j - 8. Suppose -4*t + 91 = -2*m - 51, -66 = -2*t - j*m. What is the tens digit of t?
3
Let j be 50/(-18)*1 - (-12)/(-54). Let l(o) = -5*o**3 - 4*o**2 - 4*o - 3. What is the tens digit of l(j)?
0
Let b be 2/(-16) + (-410)/(-80). Suppose b*k + 4*q = 161, 5*k - 165 = q - 24. What is the tens digit of k?
2
Let u(s) = 3*s - 5. Let p be u(3). Suppose 3*f - 2 = p. Suppose -8 = 4*g + 12, 5*g = -f*l + 101. What is the units digit of l?
3
Let y = 32 + -36. Let j(w) = w**3 + 6*w**2 - 3*w - 16. What is the units digit of j(y)?
8
Let c(w) = 29*w - 62. What is the units digit of c(10)?
8
Let t be ((-3)/(-6))/(2/2)*-28. Let o(y) = y**3 + 15*y**2 + 11*y - 2. What is the tens digit of o(t)?
4
Let x(h) = 2*h**2 - 4*h + 2. Let u be x(3). Suppose -2763 = -17*m + u*m. What is the tens digit of m?
0
Let j be 2/(-15) - (6 + (-4878)/135). Suppose 18 = 5*f - 4*h, -2*h - 5 = -1. Suppose -f*d + j = -4*w, 0*d = 2*d - 5*w - 25. What is the units digit of d?
5
Suppose 19 = 4*x - 2*u + u, x - 1 = 4*u. Let o(m) = -x*m - 5*m - 2 + m - m**2. What is the units digit of o(-5)?
8
Suppose -30*q + 14993 = -14887. What is the hundreds digit of q?
9
Let w(b) = 6*b**3 - 23*b**2 + 20*b - 100. What is the hundreds digit of w(11)?
3
Suppose -110 = w - 4*d + 8, w + 3*d = -104. Let y = w - -212. What is the tens digit of y?
0
Suppose 0 = -5*z + 4*z + 290. What is the hundreds digit of z?
2
Let r = 113 + -38. Suppose -5 = 5*a - r. What is the tens digit of a?
1
Suppose 0 = -23*n + 40*n - 24327. What is the thousands digit of n?
1
Suppose 41*z - 44*z = -777. Suppose z - 25 = 2*j. Suppose -j = -f - 2*f. What is the units digit of f?
9
Suppose -4*u - 44 = -4*j, -6*u + 3*u - 3 = 0. Suppose j*x - 5*x + 3*b + 2 = 0, 5*b = x + 6. What is the tens digit of 4 + 1/(x/(-31))?
3
Let o = 95 + 21. Suppose 2*d - o = 28. What is the units digit of d?
2
Suppose -4*m - 24 = -3*g, -3*m + 2*g = 6 + 11. What is the units digit of (-40)/(m/(-9) - 1)?
0
Suppose 2*a = 3*j - 2*j + 46, 3*a - j - 68 = 0. Let d = 5 + 0. Suppose -d*g + a = -3. What is the units digit of g?
5
Let j be 5 - 9 - (-1 + -3). Suppose -3*t + 551 = 2*y, -2*y = -t - j*y + 189. Suppose 7*s = 2*s + t. What is the tens digit of s?
3
Let t(k) = 32*k**2 + k + 8. What is the hundreds digit of t(-3)?
2
Let t = -83 - -60. Let g = 14 - t. What is the units digit of g?
7
Let l be (-1 + (-93)/6)/((-3)/(-4)). What is the units digit of (231/l)/((-6)/64)?
2
What is the tens digit of -2 + 44/23 + (-1796622)/(-1587)?
3
Let a = 4258 - 1385. Suppose 13*z + 4*z = a. What is the units digit of z?
9
Let w(d) be the third derivative of d**4/24 - 5*d**3/3 + 6*d**2. Let j be w(15). What is the units digit of (2 - j)*-12 - 0?
6
Let a(l) = -238*l - 331. What is the units digit of a(-5)?
9
Suppose -2*a - 17 = -57. Let r(j) = -2*j**3 - 2. Let s be r(-2). Suppose 9*c + a = s*c. What is the units digit of c?
4
Suppose 81*v = 79*v + 114. Let w = v + 46. What is the tens digit of w?
0
Let f(a) = a**2 - 4*a + 25. Let j be f(0). Let w = j - -50. What is the tens digit of w?
7
Suppose -j = -5*u + 6*u - 2, 0 = -2*u - 8. Let t(f) = -7*f + j*f**2 - 1 - f**3 - 9*f + 15*f - 2. What is the tens digit of t(5)?
1
Suppose k = -3*w + 43 + 139, -4*w = 4*k - 240. Let c be (-14)/(-63) + 598/(-18). Let m = w + c. What is the units digit of m?
8
Let p(j) = 27*j + 11. Let s(i) = -2*i - 25. Let v be s(-15). What is the tens digit of p(v)?
4
Let y = -13 - -16. Suppose f = 2*a - 0*a - 4, -5*f - y*a = -45. Suppose 0 = f*m - 128 + 8. What is the units digit of m?
0
Suppose -146 = -3*f + 5*i, f - 3*i - 17 = 29. What is the units digit of f?
2
Let x = -446 - -112. Let l = x + 556. What is the units digit of l?
2
Suppose -3*i - 3*n + 214 + 488 = 0, 0 = -5*i - 3*n + 1174. Let f be 2/8 - i/(-16). Suppose 5*y - 15 = f. What is the units digit of y?
6
Let v(z) = 37*z**2 + 3*z + 11. Let o be v(4). Suppose a + 4*g - 104 = 0, -5*a + 0*g + o = g. What is the units digit of a?
4
Suppose 3*k + 3*t = -344 - 13, 0 = 2*t. Let w = k + 199. What is the tens digit of w?
8
What is the hundreds digit of 9/(108/(-8)) + (-602)/(-3)?
2
What is the tens digit of (1 - (-6222)/4) + (-32)/(-64)?
5
What is the units digit of 250664/84 + 28/(-294)?
4
Suppose -4978 = -12*a - 706. What is the hundreds digit of a?
3
Suppose 335 - 2045 = -9*f. What is the units digit of f?
0
Let j(w) be the third derivative of -w**6/120 - w**5/60 - w**4/24 - w**3/2 - 6*w**2. Let d be j(0). What is the tens digit of 12*2*1 + d?
2
Let w(l) be the first derivative of 0*l**2 + 1/3*l**3 - 1 + 29*l. What is the tens digit of w(0)?
2
Suppose 0 = -3*z - 0*z - 3*i + 18, 15 = 2*z + 5*i. Let n = -171 + 171. Suppose 140 = 3*l - z*r, 3*l - r + 2*r - 134 = n. What is the units digit of l?
5
Suppose -114 = 5*k - 9. Let j = k - -24. Suppose 5*g = -3*b + 3*g + 8, -j*b - g = -7. What is the units digit of b?
2
Let n(j) = -j + 99. What is the tens digit of n(-12)?
1
Let k = -82 - -91. Let r(f) = 9*f - 17. What is the tens digit of r(k)?
6
Let j(c) = -c**2. Let z(h) = 2*h**2 - 3*h - 12. Let a(i) = -6*j(i) + z(i). What is the hundreds digit of a(4)?
1
Suppose -8*x = -4*x + 16. Let w(a) = -a**2 + 3*a + 39. Let d be w(0). Let g = d - x. What is the tens digit of g?
4
Let q(s) = -5*s - 18. Let x = -2 + -9. What is the tens digit of q(x)?
3
Suppose 3*f + 191 = 5*i + 510, -i = 2*f - 230. Let p = f + -61. What is the tens digit of p?
5
Let v = 1462 + -973. What is the 